hat is the hundreds digit of 21718?
7
What is the units digit of 19887?
7
What is the ten thousands digit of 18516?
1
What is the units digit of 5670?
0
What is the units digit of 2190?
0
What is the thousands digit of 5718?
5
What is the units digit of 8158?
8
What is the thousands digit of 5247?
5
What is the units digit of 3571?
1
What is the hundreds digit of 470?
4
What is the ten thousands digit of 26670?
2
What is the thousands digit of 3051?
3
What is the hundreds digit of 10628?
6
What is the ten thousands digit of 12600?
1
What is the tens digit of 18760?
6
What is the tens digit of 493?
9
What is the units digit of 7059?
9
What is the units digit of 2454?
4
What is the hundreds digit of 187?
1
What is the tens digit of 7572?
7
What is the thousands digit of 119842?
9
What is the tens digit of 2687?
8
What is the units digit of 22499?
9
What is the tens digit of 12871?
7
What is the thousands digit of 3331?
3
What is the hundreds digit of 3961?
9
What is the units digit of 56348?
8
What is the thousands digit of 1381?
1
What is the units digit of 5468?
8
What is the units digit of 767?
7
What is the thousands digit of 15682?
5
What is the tens digit of 948?
4
What is the tens digit of 800?
0
What is the tens digit of 181?
8
What is the hundreds digit of 2581?
5
What is the units digit of 89061?
1
What is the hundreds digit of 4469?
4
What is the ten thousands digit of 169052?
6
What is the units digit of 2729?
9
What is the hundreds digit of 63103?
1
What is the hundreds digit of 1639?
6
What is the ten thousands digit of 21653?
2
What is the units digit of 382?
2
What is the tens digit of 935?
3
What is the hundreds digit of 2070?
0
What is the tens digit of 1104?
0
What is the units digit of 4889?
9
What is the tens digit of 63?
6
What is the ten thousands digit of 16344?
1
What is the units digit of 9088?
8
What is the tens digit of 22225?
2
What is the hundreds digit of 1427?
4
What is the thousands digit of 7659?
7
What is the ten thousands digit of 15469?
1
What is the thousands digit of 15411?
5
What is the tens digit of 266?
6
What is the thousands digit of 7789?
7
What is the ten thousands digit of 16359?
1
What is the units digit of 1060?
0
What is the tens digit of 30901?
0
What is the thousands digit of 13894?
3
What is the units digit of 39488?
8
What is the tens digit of 27891?
9
What is the hundreds digit of 119308?
3
What is the units digit of 5129?
9
What is the units digit of 680?
0
What is the ten thousands digit of 84839?
8
What is the units digit of 2366?
6
What is the tens digit of 2736?
3
What is the tens digit of 44707?
0
What is the thousands digit of 2676?
2
What is the thousands digit of 23849?
3
What is the units digit of 2673?
3
What is the units digit of 1586?
6
What is the units digit of 511?
1
What is the hundreds digit of 217?
2
What is the hundreds digit of 916?
9
What is the tens digit of 1031?
3
What is the hundreds digit of 5034?
0
What is the tens digit of 8044?
4
What is the units digit of 843?
3
What is the ten thousands digit of 56496?
5
What is the hundreds digit of 92904?
9
What is the ten thousands digit of 77376?
7
What is the tens digit of 157?
5
What is the tens digit of 20483?
8
What is the units digit of 1803?
3
What is the hundreds digit of 4290?
2
What is the units digit of 1626?
6
What is the units digit of 54234?
4
What is the units digit of 26184?
4
What is the ten thousands digit of 44581?
4
What is the units digit of 7435?
5
What is the hundreds digit of 2791?
7
What is the hundreds digit of 57763?
7
What is the units digit of 20070?
0
What is the units digit of 9058?
8
What is the thousands digit of 17144?
7
What is the units digit of 23800?
0
What is the units digit of 5692?
2
What is the units digit of 939?
9
What is the thousands digit of 13532?
3
What is the tens digit of 4530?
3
What is the thousands digit of 4597?
4
What is the units digit of 11?
1
What is the tens digit of 99264?
6
What is the thousands digit of 28153?
8
What is the thousands digit of 9384?
9
What is the hundreds digit of 707?
7
What is the hundreds digit of 1275?
2
What is the hundreds digit of 1798?
7
What is the thousands digit of 107449?
7
What is the units digit of 3890?
0
What is the tens digit of 2741?
4
What is the hundreds digit of 3174?
1
What is the tens digit of 2249?
4
What is the tens digit of 4300?
0
What is the tens digit of 19824?
2
What is the hundreds digit of 3810?
8
What is the units digit of 712?
2
What is the units digit of 44456?
6
What is the units digit of 327?
7
What is the hundreds digit of 30593?
5
What is the ten thousands digit of 33721?
3
What is the tens digit of 2804?
0
What is the hundreds digit of 132872?
8
What is the hundreds digit of 8888?
8
What is the hundreds digit of 4482?
4
What is the hundreds digit of 10363?
3
What is the hundreds digit of 3190?
1
What is the thousands digit of 110794?
0
What is the thousands digit of 71814?
1
What is the units digit of 14309?
9
What is the ten thousands digit of 30085?
3
What is the tens digit of 21?
2
What is the thousands digit of 1149?
1
What is the tens digit of 18833?
3
What is the tens digit of 25482?
8
What is the hundreds digit of 24349?
3
What is the thousands digit of 1363?
1
What is the thousands digit of 5361?
5
What is the tens digit of 1100?
0
What is the hundreds digit of 2860?
8
What is the hundreds digit of 301?
3
What is the tens digit of 17878?
7
What is the units digit of 1655?
5
What is the thousands digit of 81786?
1
What is the units digit of 46726?
6
What is the units digit of 41813?
3
What is the tens digit of 326?
2
What is the ten thousands digit of 33348?
3
What is the tens digit of 307?
0
What is the tens digit of 711?
1
What is the hundreds digit of 8755?
7
What is the thousands digit of 4412?
4
What is the units digit of 40841?
1
What is the tens digit of 64709?
0
What is the units digit of 22526?
6
What is the thousands digit of 9651?
9
What is the tens digit of 2504?
0
What is the thousands digit of 51456?
1
What is the thousands digit of 8427?
8
What is the tens digit of 4223?
2
What is the ten thousands digit of 21344?
2
What is the units digit of 2211?
1
What is the tens digit of 3586?
8
What is the units digit of 33823?
3
What is the tens digit of 314?
1
What is the tens digit of 644?
4
What is the hundreds digit of 1126?
1
What is the units digit of 14971?
1
What is the tens digit of 1266?
6
What is the ten thousands digit of 59632?
5
What is the hundreds digit of 2537?
5
What is the thousands digit of 6297?
6
What is the units digit of 382?
2
What is the units digit of 18937?
7
What is the thousands digit of 31541?
1
What is the hundred thousands digit of 186501?
1
What is the ten thousands digit of 47782?
4
What is the hundreds digit of 23773?
7
What is the units digit of 22653?
3
What is the tens digit of 27980?
8
What is the tens digit of 420?
2
What is the tens digit of 65162?
6
What is the tens digit of 21999?
9
What is the ten thousands digit of 34140?
3
What is the hundred thousands digit of 122314?
1
What is the units digit of 48471?
1
What is the units digit of 578?
8
What is the hundreds digit of 57980?
9
What is the tens digit of 15864?
6
What is the hundreds digit of 580?
5
What is the thousands digit of 21854?
1
What is the tens digit of 673?
7
What is the hundreds digit of 15298?
2
What is the hundreds digit of 4526?
5
What is the hundreds digit of 6661?
6
What is the hundreds digit of 1931?
9
What is the tens digit of 1305?
0
What is the hundreds digit of 581?
5
What is the hundreds digit of 922?
9
What is the hundreds digit of 336?
3
What is the hundreds digit of 3094?
0
What is the hundreds digit of 166812?
8
What is the tens digit of 97637?
3
What is the tens digit of 1910?
1
What is the hundreds digit of 1461?
4
What is the tens digit of 122938?
3
What is the units digit of 1645?
5
What is the hundreds digit of 112?
1
What is the units digit of 1592?
2
What is the tens digit of 1129?
2
What is the thousands digit of 1425?
1
What is the tens digit of 36?
3
What is the tens digit of 1088?
8
What is the tens digit of 471?
7
What is the units digit of 714?
4
What is the units digit of 62?
2
What is the tens digit of 7889?
8
What is the hundreds digit of 739?
7
What i